{"id":191,"date":"2016-07-21T18:19:51","date_gmt":"2016-07-21T18:19:51","guid":{"rendered":"http:\/\/sperzelhp.de\/?page_id=191"},"modified":"2019-12-15T08:17:03","modified_gmt":"2019-12-15T08:17:03","slug":"audio-mp3","status":"publish","type":"page","link":"https:\/\/sperzelhp.de\/?page_id=191","title":{"rendered":"Audio ( MP3, WMA ) \/ Video (MP4)"},"content":{"rendered":"<p>Diese Seite enth\u00e4lt Audio-Mitschnitte von Vortr\u00e4gen und Anleitungen aus meinem Yogaunterricht und steht den Teilnehmern meiner Stunden kostenfrei zu Verf\u00fcgung.<\/p>\n\n<table id=\"tablepress-4\" class=\"tablepress tablepress-id-4\">\n<tbody class=\"row-striping row-hover\">\n<tr class=\"row-1\">\n\t<td class=\"column-1\">Meditationsanleitung - Yogaatem<\/td><td class=\"column-2\"><\/td><td class=\"column-3\"><a href=\"http:\/\/sperzelhp.de\/?p=193\">Yogaatem<\/a><\/td>\n<\/tr>\n<tr class=\"row-2\">\n\t<td class=\"column-1\">Meditationsanleitung - Yoga trifft Vipassana und Zen <\/td><td class=\"column-2\"><\/td><td class=\"column-3\"><a href=\"https:\/\/sperzelhp.de\/?p=967\" title=\"Yoga trifft Vipassana und Zen\">Yoga trifft Vipassana und Zen<\/a><\/td>\n<\/tr>\n<tr class=\"row-3\">\n\t<td class=\"column-1\">Meditationsanleitung - Hier und Jetzt<\/td><td class=\"column-2\"><\/td><td class=\"column-3\"><a href=\"https:\/\/sperzelhp.de\/?p=1032\" title=\"Meditationsanleitung \u2013 Jetzt und Hier\">Meditationsanleitung \u2013 Jetzt und Hier<\/a><\/td>\n<\/tr>\n<tr class=\"row-4\">\n\t<td class=\"column-1\">Meditationsanleitung \u2013 Hatha-Yoga-Pradipika<\/td><td class=\"column-2\"><\/td><td class=\"column-3\"><a href=\"https:\/\/sperzelhp.de\/?p=1219\">Meditationsanleitung \u2013 Pradipika<\/a><\/td>\n<\/tr>\n<tr class=\"row-5\">\n\t<td class=\"column-1\">Meditationsanleitung  - Nur Sitzen in Stiller Gelassenheit<br \/>\n<\/td><td class=\"column-2\"><\/td><td class=\"column-3\"><a href=\"https:\/\/sperzelhp.com\/?p=1111\">Stille Gelassenheit<\/a><\/td>\n<\/tr>\n<\/tbody>\n<\/table>\n<!-- #tablepress-4 from cache -->\n<div class=\"pdfprnt-buttons pdfprnt-buttons-page pdfprnt-bottom-right\"><a href=\"https:\/\/sperzelhp.de\/index.php?rest_route=%2Fwp%2Fv2%2Fpages%2F191&print=pdf\" class=\"pdfprnt-button pdfprnt-button-pdf\" target=\"_blank\" ><img decoding=\"async\" src=\"https:\/\/sperzelhp.de\/wp-content\/plugins\/pdf-print\/images\/pdf.png\" alt=\"image_pdf\" title=\"PDF anzeigen\" \/><\/a><a href=\"https:\/\/sperzelhp.de\/index.php?rest_route=%2Fwp%2Fv2%2Fpages%2F191&print=print\" class=\"pdfprnt-button pdfprnt-button-print\" target=\"_blank\" ><img decoding=\"async\" src=\"https:\/\/sperzelhp.de\/wp-content\/plugins\/pdf-print\/images\/print.png\" alt=\"image_print\" title=\"Inhalt drucken\" \/><\/a><\/div>","protected":false},"excerpt":{"rendered":"<p>Diese Seite enth\u00e4lt Audio-Mitschnitte von Vortr\u00e4gen und Anleitungen aus meinem Yogaunterricht und steht den Teilnehmern meiner Stunden kostenfrei zu Verf\u00fcgung.<\/p>\n","protected":false},"author":1,"featured_media":0,"parent":834,"menu_order":8,"comment_status":"closed","ping_status":"closed","template":"","meta":{"footnotes":"","_links_to":"","_links_to_target":""},"class_list":["post-191","page","type-page","status-publish","hentry"],"_links":{"self":[{"href":"https:\/\/sperzelhp.de\/index.php?rest_route=\/wp\/v2\/pages\/191","targetHints":{"allow":["GET"]}}],"collection":[{"href":"https:\/\/sperzelhp.de\/index.php?rest_route=\/wp\/v2\/pages"}],"about":[{"href":"https:\/\/sperzelhp.de\/index.php?rest_route=\/wp\/v2\/types\/page"}],"author":[{"embeddable":true,"href":"https:\/\/sperzelhp.de\/index.php?rest_route=\/wp\/v2\/users\/1"}],"replies":[{"embeddable":true,"href":"https:\/\/sperzelhp.de\/index.php?rest_route=%2Fwp%2Fv2%2Fcomments&post=191"}],"version-history":[{"count":8,"href":"https:\/\/sperzelhp.de\/index.php?rest_route=\/wp\/v2\/pages\/191\/revisions"}],"predecessor-version":[{"id":814,"href":"https:\/\/sperzelhp.de\/index.php?rest_route=\/wp\/v2\/pages\/191\/revisions\/814"}],"up":[{"embeddable":true,"href":"https:\/\/sperzelhp.de\/index.php?rest_route=\/wp\/v2\/pages\/834"}],"wp:attachment":[{"href":"https:\/\/sperzelhp.de\/index.php?rest_route=%2Fwp%2Fv2%2Fmedia&parent=191"}],"curies":[{"name":"wp","href":"https:\/\/api.w.org\/{rel}","templated":true}]}}