{"id":824,"date":"2019-12-14T15:47:36","date_gmt":"2019-12-14T15:47:36","guid":{"rendered":"https:\/\/sperzelhp.de\/?page_id=824"},"modified":"2019-12-15T08:15:41","modified_gmt":"2019-12-15T08:15:41","slug":"klassische-themen","status":"publish","type":"page","link":"https:\/\/sperzelhp.de\/?page_id=824","title":{"rendered":"Klassische Themen"},"content":{"rendered":"\n<p>Die vorliegenden Texte sind Ausarbeitungen aus nunmehr einer 25 Jahre andauernden Besch\u00e4ftigung mit Yoga, seiner Philosophie und seinen Beschreibungen. Nicht alle Texte sind auf dem neuesten Stand der Zeit, da sie teilweise vor Jahren schon geschrieben wurden und auch ich immer noch und hoffentlich auch noch lange andauernd dazu lerne. Jeder Text ist mit daher mit einem Fertigstellungsdatum versehen. Sollten Sie Fragen dazu haben, bitte ich um eine Nachricht \u00fcber die Kontaktseiten. Ich werde Ihnen gerne antworten.<\/p>\n<p>Da nicht alle Artikel von mir auf Suniskaya-Yoga stehen, verweisen die Tabelleneintr\u00e4ge auch auf andere von mir bef\u00fcllte Blog-Seiten. Ich bitte um Verst\u00e4ndnis dar\u00fcber, das ich sie nicht zweimal im Netz bereitstellen kann. Sie werden aber stets in einen neuen Tab ge\u00f6ffnet. Weiterhin sind einige Texte so lang, das sie hier nur als PDF und \u00fcber Download angeboten werden k\u00f6nnen. <\/p>\n\n<table id=\"tablepress-6\" class=\"tablepress tablepress-id-6\">\n<thead>\n<tr class=\"row-1\">\n\t<th class=\"column-1\"><a href=\"https:\/\/sperzelhp.de\/?p=87\">Patanjali<\/a><\/th><td class=\"column-2\"><\/td><th class=\"column-3\">Die Yogasutras nach Patanjali<\/th>\n<\/tr>\n<\/thead>\n<tbody class=\"row-striping row-hover\">\n<\/tbody>\n<\/table>\n<!-- #tablepress-6 from cache -->\n<div class=\"pdfprnt-buttons pdfprnt-buttons-page pdfprnt-bottom-right\"><a href=\"https:\/\/sperzelhp.de\/index.php?rest_route=%2Fwp%2Fv2%2Fpages%2F824&print=pdf\" class=\"pdfprnt-button pdfprnt-button-pdf\" target=\"_blank\" ><img decoding=\"async\" src=\"https:\/\/sperzelhp.de\/wp-content\/plugins\/pdf-print\/images\/pdf.png\" alt=\"image_pdf\" title=\"PDF anzeigen\" \/><\/a><a href=\"https:\/\/sperzelhp.de\/index.php?rest_route=%2Fwp%2Fv2%2Fpages%2F824&print=print\" class=\"pdfprnt-button pdfprnt-button-print\" target=\"_blank\" ><img decoding=\"async\" src=\"https:\/\/sperzelhp.de\/wp-content\/plugins\/pdf-print\/images\/print.png\" alt=\"image_print\" title=\"Inhalt drucken\" \/><\/a><\/div>","protected":false},"excerpt":{"rendered":"<p>Die vorliegenden Texte sind Ausarbeitungen aus nunmehr einer 25 Jahre andauernden Besch\u00e4ftigung mit Yoga, seiner Philosophie und seinen Beschreibungen. Nicht alle Texte sind auf dem<\/p>\n","protected":false},"author":1,"featured_media":0,"parent":834,"menu_order":3,"comment_status":"closed","ping_status":"closed","template":"","meta":{"footnotes":"","_links_to":"","_links_to_target":""},"class_list":["post-824","page","type-page","status-publish","hentry"],"_links":{"self":[{"href":"https:\/\/sperzelhp.de\/index.php?rest_route=\/wp\/v2\/pages\/824","targetHints":{"allow":["GET"]}}],"collection":[{"href":"https:\/\/sperzelhp.de\/index.php?rest_route=\/wp\/v2\/pages"}],"about":[{"href":"https:\/\/sperzelhp.de\/index.php?rest_route=\/wp\/v2\/types\/page"}],"author":[{"embeddable":true,"href":"https:\/\/sperzelhp.de\/index.php?rest_route=\/wp\/v2\/users\/1"}],"replies":[{"embeddable":true,"href":"https:\/\/sperzelhp.de\/index.php?rest_route=%2Fwp%2Fv2%2Fcomments&post=824"}],"version-history":[{"count":1,"href":"https:\/\/sperzelhp.de\/index.php?rest_route=\/wp\/v2\/pages\/824\/revisions"}],"predecessor-version":[{"id":825,"href":"https:\/\/sperzelhp.de\/index.php?rest_route=\/wp\/v2\/pages\/824\/revisions\/825"}],"up":[{"embeddable":true,"href":"https:\/\/sperzelhp.de\/index.php?rest_route=\/wp\/v2\/pages\/834"}],"wp:attachment":[{"href":"https:\/\/sperzelhp.de\/index.php?rest_route=%2Fwp%2Fv2%2Fmedia&parent=824"}],"curies":[{"name":"wp","href":"https:\/\/api.w.org\/{rel}","templated":true}]}}